*i**2 - 107*i - 10708. Give s(-100).
-8
Let z(s) = s**3 + 7*s**2 - 39*s - 300. What is z(-10)?
-210
Let c(l) = -l**3 + 60*l**2 + 336*l - 1650. Calculate c(-8).
14
Let v(y) = -y**3 + 66*y**2 + 3349*y - 147382. Give v(85).
8
Let o(a) = a**3 + 31*a**2 - 16*a - 1518. Determine o(-31).
-1022
Let y(q) = 83000*q - 1743001. What is y(21)?
-1
Let z(d) = -d**2 - 1848*d - 16548. Determine z(-9).
3
Let h(v) = v**3 + 26*v**2 + 172*v + 3177. What is h(-20)?
2137
Let y(o) = 57267*o - 400970. Determine y(7).
-101
Let c(j) = -3291*j**2 - 52645*j + 185. Calculate c(-16).
9
Let o(g) = 1062*g + 260186. Determine o(-245).
-4
Let c(x) = 2*x**3 + 20*x**2 + 34*x - 31. What is c(-7)?
25
Let s(d) = -d**3 - 73*d**2 - 79*d + 659. Give s(-71).
-3814
Let y(g) = -10927*g - 77202. Give y(-7).
-713
Let q(s) = s**3 + 27*s**2 + 242*s + 522. What is q(-3)?
12
Let b(f) = 38974*f - 311775. What is b(8)?
17
Let y(i) = 632*i + 12707. Give y(-20).
67
Let g(f) = -16*f**3 - 4707*f**2 - 879*f + 872. What is g(-294)?
-10
Let f(g) = 4931*g + 241675. Determine f(-49).
56
Let u(d) = 103470*d + 517359. Determine u(-5).
9
Let q(g) = 61064*g - 67353590. Give q(1103).
2
Let b(n) = -148*n - 6323. Give b(-43).
41
Let g(w) = 2*w**3 + 2971*w + 5943. Determine g(-2).
-15
Let o(g) = -580*g + 3776. Give o(6).
296
Let m(a) = 7*a**3 + 16*a**2 - 118*a - 128. Calculate m(9).
5209
Let a(o) = 30*o**3 - 1173*o**2 + 127*o - 460. What is a(39)?
-70
Let g(j) = 50*j**2 - 19*j + 2. What is g(-4)?
878
Let v(t) = -67732*t - 5486292. What is v(-81)?
0
Let i(n) = -n**3 - 14*n**2 + 24*n + 611. Determine i(-15).
476
Let c(t) = 102516*t - 9021405. What is c(88)?
3
Let t(m) = -65074*m + 845980. Calculate t(13).
18
Let m(y) = -47502*y - 1045058. Calculate m(-22).
-14
Let a(g) = 17*g**2 + 2721*g - 5460. What is a(-162)?
-114
Let z(u) = 1756*u**2 + 82530*u - 97. Give z(-47).
-3
Let n(f) = 1294*f + 2980. What is n(-2)?
392
Let r(h) = -10*h**3 - 529*h**2 + 1459*h + 74511. Give r(-53).
-7
Let i(d) = -11*d - 966. Calculate i(6).
-1032
Let d(b) = -b**3 - 41*b**2 - 131*b + 51. Determine d(-6).
-423
Let b(s) = 1823*s - 58245. Determine b(32).
91
Let z(b) = -85131*b - 1362132. Calculate z(-16).
-36
Let c(i) = 3055*i - 375782. Give c(123).
-17
Let v(d) = -26*d**2 + 378*d - 162. What is v(14)?
34
Let c(n) = 10507*n - 8552686. What is c(814)?
12
Let h(q) = -3*q**3 - 49*q**2 + 379*q + 5895. Determine h(-17).
30
Let t(r) = -r**3 + 235*r**2 + 15250*r + 4035. What is t(288)?
3
Let k(b) = -4*b**3 - 49*b**2 + 31*b - 11. Give k(-10).
-1221
Let y(i) = -2*i**3 + 34*i**2 - 87*i + 1475. Give y(17).
-4
Let d(p) = -2*p**3 + 237*p**2 + 3590*p - 3434. Calculate d(132).
-2
Let x(a) = -60692*a + 364070. Determine x(6).
-82
Let f(z) = 120843*z + 2658613. Calculate f(-22).
67
Let t(y) = -132*y**2 + 2659*y + 54. Determine t(19).
2923
Let g(z) = -z**3 - 16*z**2 - 989*z - 13461. Calculate g(-14).
-7
Let x(d) = 2*d**3 + 190*d**2 + 3728*d + 115. What is x(-67)?
1723
Let w(k) = 189101*k + 9833237. Give w(-52).
-15
Let x(d) = 377*d**3 - 8*d**2 + 3*d + 3. Give x(1).
375
Let x(r) = -73*r**2 + 143*r + 1690. Determine x(-4).
-50
Let y(f) = -f**2 + 69*f + 8273. Determine y(-62).
151
Let b(s) = 3*s**2 - 1657*s + 100010. What is b(69)?
-40
Let i(s) = -s**3 - 44*s**2 + 643*s + 349. What is i(12)?
1
Let x(f) = -5*f**2 - 317*f + 4505. Determine x(14).
-913
Let a(v) = v**3 + 70*v**2 - 12697*v - 174. Determine a(83).
-8
Let b(j) = -3*j**2 - 247*j + 1605. What is b(-89)?
-175
Let g(a) = -a**3 - 2*a**2 + 138*a - 8. What is g(-13)?
57
Let y(t) = 2*t**3 + 427*t**2 - 1315*t + 76. What is y(3)?
28
Let y(c) = -15*c**2 + 2647*c - 14017. Determine y(171).
5
Let c(t) = t**2 + 107*t - 47080. Determine c(170).
10
Let y(x) = 3*x**3 + 105*x**2 - 146*x - 1565. What is y(-36)?
-197
Let z(a) = -10*a**2 + 11*a + 72. Calculate z(16).
-2312
Let j(a) = 16060*a - 802994. Calculate j(50).
6
Let s(i) = -4*i**3 - 270*i**2 + 119*i - 1175. Give s(-68).
-19
Let c(l) = 39778*l + 39758. Give c(-1).
-20
Let c(q) = -132*q**2 - 942*q + 597. Give c(-8).
-315
Let i(s) = -20*s**2 + 467*s + 16. Determine i(24).
-296
Let b(x) = 6*x**3 + 691*x**2 + 121*x + 677. Give b(-115).
-13
Let r(o) = -2*o**3 - 142*o**2 - 282*o + 103. Calculate r(-69).
517
Let d(q) = -q**3 - 53*q**2 + 45*q + 72. Calculate d(-54).
558
Let y(m) = -2123*m + 2532719. What is y(1193)?
-20
Let h(i) = i**3 + 5304*i**2 + 63494*i - 125. Determine h(-12).
-5
Let i(h) = h**2 + 4740*h - 6626103. Give i(1129).
-2
Let s(c) = -2*c**3 - 82*c**2 + 5*c - 318. What is s(-41)?
-523
Let q(c) = 2*c**2 + 616*c + 17167. Determine q(-31).
-7
Let o(z) = -2879*z + 339725. Give o(118).
3
Let n(o) = -2*o**2 - 9251*o - 73826. Calculate n(-8).
54
Let s(a) = 96*a**3 - 290*a**2 - 104*a + 319. What is s(3)?
-11
Let h(c) = 47*c + 3031. Give h(-5).
2796
Let n(f) = 21*f**2 + 1646*f - 1091. What is n(-79)?
-64
Let s(w) = -17285*w - 414726. What is s(-24)?
114
Let f(v) = 7*v**2 + 4127*v + 28880. What is f(-7)?
334
Let d(m) = 52486*m - 2151909. Give d(41).
17
Let a(r) = -r**3 + 10*r**2 + 1048*r - 15790. Give a(17).
3
Let a(f) = 1340*f - 125827. Give a(94).
133
Let m(s) = 352*s + 17957. Give m(-51).
5
Let j(u) = -u**3 - 24*u**2 - 24*u - 35. Give j(-13).
-1582
Let c(q) = -30349*q**2 - 394534*q + 40. Calculate c(-13).
1
Let n(d) = -d**2 + 113*d - 1264. Give n(35).
1466
Let q(b) = b**3 - 147*b**2 + 18188*b - 2634151. What is q(146)?
-19
Let q(h) = -h**3 + 450*h**2 + 6957*h + 8109. Give q(465).
-261
Let w(t) = 55*t**3 - 4*t**2 - 102*t + 282. Give w(3).
1425
Let t(u) = u**2 - 158*u + 3240. Give t(24).
24
Let w(a) = 138*a - 2292. Determine w(17).
54
Let p(d) = 18*d**2 + 392*d + 209. Give p(-22).
297
Let d(m) = 3193*m**2 - 22305*m - 371. What is d(7)?
-49
Let l(z) = -8*z**3 + 11*z**2 + 105*z - 213. What is l(2)?
-23
Let s(w) = 4*w**2 + 683*w - 9227. Determine s(13).
328
Let s(w) = 191*w - 42224. What is s(222)?
178
Let m(a) = -7*a**2 - 1077*a - 21082. Determine m(-22).
-776
Let n(s) = -4*s**3 + 1805*s**2 - 7598*s - 448. What is n(447)?
-1
Let a(z) = -617*z + 23430. What is a(39)?
-633
Let a(x) = 41*x**2 + 36*x + 4. Determine a(1).
81
Let w(z) = -7*z**2 - 1425*z + 202510. Give w(-300).
10
Let j(w) = w**3 + w**2 + 6*w - 37. Give j(10).
1123
Let d(h) = 524*h**2 + 444873*h - 2511. Calculate d(-849).
36
Let b(q) = -5*q**3 - 22*q**2 - 18*q + 61. Calculate b(-3).
52
Let m(j) = -3732*j + 19864. What is m(4)?
4936
Let o(h) = -1669*h**2 + 1682*h - 10. Calculate o(1).
3
Let r(y) = -y**2 + 290435*y - 1742584. Give r(6).
-10
Let j(u) = -915*u - 75832. What is j(-83)?
113
Let n(m) = -m**3 - 16*m**2 + 6118*m + 8430. What is n(-86)?
2
Let t(m) = 292043*m - 2336338. What is t(8)?
6
Let k(y) = -3*y**3 - 117*y**2 + 3309*y - 60. Give k(19).
-3
Let j(h) = -h**3 + 18*h**2 - 4*h - 211. Calculate j(20).
-1091
Let o(r) = -549*r - 48329. Give o(-88).
-17
Let x(b) = b**3 - 21*b**2 - 7*b + 385. Calculate x(20).
-155
Let t(k) = -1103737*k + 1103724. Give t(1).
-13
Let m(l) = 307*l + 21908. Calculate m(-72).
-196
Let t(z) = 10*z**2 + 420*z + 1802. Calculate t(-37).
-48
Let i(f) = -f**3 + 24*f**2 + 68*f + 23. Determine i(-7).
1066
Let v(k) = -k**3 - 99*k**2 + 3654*k - 29158. Give v(15).
2
Let l(o) = 673*o - 177365. Determine l(264).
307
Let c(y) = y**3 - 5*y**2 - 289*y - 1436. What is c(-7)?
-1
Let y(u) = -6*u**2 + 2228*u - 91460. What is y(47)?
2
Let n(r) = 2371*r - 43093. What is n(19)?
1956
Let f(l) = -l**2 + 39*l + 3680. What is f(-44)?
28
Let v(p) = -p**2 - 71*p + 1105. Determine v(14).
-85
Let q(n) = -n**3 + 61*n**2 - 455*n - 52. What is q(52)?
624
Let i(w) = -3*w**3 - 1157*w**2 - 93702*w - 3245. Determine i(-270).
-5
Let s(q) = 65*q**3 + 4032*q**2 + 128*q + 83. What is s(-62)?
-165
Let r(m) = 2*m**3 - 100*m**2 - 527*m - 79. Determine r(55).
1186
Let x(p) = -47*p - 2310. What is x(-30)?
-900
Let r(o) = -11*o**2 - 748*o - 8766. What is r(-53)?
-21
Let y(k) = -497*k**2 + 3402*k + 519. Determine y(7).
-20
Let n(s) = 9*s**2 - 1939*s - 11688. Calculate n(-6).
270
Let t(d) = -4094*d - 74. Calculate t(0).
-74
Let d(u) = 62*u**2 - 249*u - 599. What is d(6)?
139
Let n(y) = -y**3 + 423*y**2 + 64499*y - 2. What is n(-119)?
-121
Let k(n) = -6*n**2 + 76*n - 76. Calculate k(7).
162
Let b(n) = 9*n**2 - 1779*n + 24642. Determine b(15).
-18
Let q(g) = 2524*g - 5304. Give q(2).
-256
Let a(d) = 6*d**3 - 421*d**2 + 61*d + 63